+ 6*y + 1. Let o(u) = -3*n(u) - 4*z(u). Calculate o(2).
-7
Let y(o) be the first derivative of o**2/2 + 2*o - 23. Give y(2).
4
Let p(b) = -b**2 - 4*b + 2. Suppose -q + 0*q = 0. Suppose -15 = 2*z + 5*m, 2*z - 3*m + 2*m - 3 = q. Suppose 4*h + f - 6*f + 5 = z, -3*f = 9. Give p(h).
-3
Let j(u) be the second derivative of u**5/20 - u**4/6 - u**3/2 - u**2/2 - u. Calculate j(3).
-1
Let a(b) = b**3 + 5*b**2. Let f(k) be the first derivative of k**3/3 + 5*k**2/2 - 11*k + 8. Let m be f(-6). Determine a(m).
0
Let r(g) = -8418*g**2 + 2*g - g - 19 + 8417*g**2. Calculate r(0).
-19
Let v(g) be the third derivative of -g**4/8 - 26*g**2. What is v(3)?
-9
Let b(q) = -2*q**2 + 4*q - 4. Let u be b(5). Let t be u/(-6) - (-2)/(-3). Let o(x) be the first derivative of x**3/3 - 2*x**2 + 2*x - 23. Determine o(t).
7
Let x(y) be the first derivative of -1/6*y**3 + 1 + 1/12*y**4 - y**2 + 0*y + 1/60*y**5. Let a(d) be the second derivative of x(d). What is a(-3)?
2
Suppose 2 - 10 = 4*s. Let z(r) = -8*r**2 - 10*r - 10. Let h(j) = -j**2 - j - 1. Let f be 4*3*9/(-6). Let l(q) = f*h(q) + 2*z(q). Calculate l(s).
10
Let g be 12/(-9)*(-1 + -2). Let l(p) = 2*p**2 + 1 + 3*p**2 - 4*p - 4*p**3 + 6*p**3 - 3*p**3. What is l(g)?
1
Let q(b) be the second derivative of -b**6/720 + b**4/4 - 2*b. Let h(p) be the third derivative of q(p). Suppose -3*w + x + 7 - 2 = 0, -w = -3*x + 1. Give h(w).
-2
Let m = 1 + -9. Let y = -9 - m. Let c(d) = -d - 1. Let l(z) = 2*z**2 - 4*z - 5. Let g(i) = -6*c(i) + l(i). Determine g(y).
1
Let j be (0 + (-2)/2)*(27 + -25). Let k(r) = -12*r. Determine k(j).
24
Suppose -166 = -5*g + 89. Let z(a) = -51*a - 2*a**2 + g*a + 6*a**3 + 1. Give z(1).
5
Let o = -24 + 38. Let v = o - 15. Let x(s) = s**2 + s + 1. Calculate x(v).
1
Let s(i) = -4*i**3 - i**2 - 5*i - 6. Let n(a) = 5*a**3 + 2*a**2 + 5*a + 7. Let w(k) = -5*n(k) - 6*s(k). Let y be 5/(3/(3/(-1))). Determine w(y).
1
Let t(b) be the first derivative of b**2/2 - 6*b + 1. Suppose 3*g = -11*g + 56. Give t(g).
-2
Let s(q) = -q**2 + 4*q + 2. Let x(a) = -2*a**2 + 3*a + 1. Let k(n) = -3*s(n) + 2*x(n). Let r be 2 + 0 + -1*(9 + -2). Determine k(r).
1
Suppose 0*x = 5*x - 3*u - 23, 0 = 3*x - 4*u - 16. Suppose 2*j = -2*o - 12, 0*j = -j + x*o + 19. Let k be j + -3*(-6)/9. Let h(n) = -7*n - 1. Calculate h(k).
-8
Suppose 12 = -3*g - 3. Let u = -10 - g. Let n(d) = -3*d**3 + 2*d**2 + 8*d - 2. Let r(q) = -4*q**3 + q**2 + 9*q - 1. Let l(t) = -5*n(t) + 4*r(t). Calculate l(u).
1
Suppose f + 4 + 3 = -3*c, -2*f - 4*c - 8 = 0. Let a(w) = 6*w - 4. Let u be a(4). Suppose -6*s = -f*s - u. Let t(n) = 2*n - 7. What is t(s)?
3
Let v(g) = 2*g**2 + g + 4. Let d(k) = k**2 + 2*k + 2. Let t(o) = -3*d(o) + 2*v(o). Determine t(3).
-1
Let w(b) = 16*b**3 - b**2 - b + 1. Let u(x) = -x**3 + 16*x**2 - 16*x + 16. Let m be u(15). Determine w(m).
15
Let m = -71 + 68. Let q(y) = 3*y**3 - y**2 + 6*y + 9. Let p(r) = -2*r**3 - 3*r - 5. Let f(d) = 5*p(d) + 3*q(d). What is f(m)?
-7
Suppose -4*q + 3*q + 18 = 5*j, 3*q = 5*j - 6. Let r(d) = -2*d**2 + 0*d**3 + d**j + 8 - 9. Calculate r(2).
-1
Let c(u) = -9*u**3 - 17*u**2 + 10*u - 17. Let a(l) = 5*l**3 + 9*l**2 - 5*l + 9. Let z(k) = -11*a(k) - 6*c(k). Calculate z(3).
-12
Let d(n) be the second derivative of -n**5/20 + n**4/2 - n**3/2 + 5*n**2/2 + 38*n. Determine d(6).
-13
Let n(a) = a - 1. Let r be n(7). Let s(h) = 4*h**3 - 4*h**2 + h + 9. Let k(x) = 7*x**3 - 9*x**2 + 3*x + 17. Let t(j) = -3*k(j) + 5*s(j). What is t(r)?
6
Let z(n) be the second derivative of -n**4/12 - 5*n**3/6 - 5*n**2/2 - 11*n. Determine z(-6).
-11
Let s(j) = -2*j - 9. Suppose 0 = -l - l - c - 14, 0 = -l + 5*c - 18. Determine s(l).
7
Let x(s) be the second derivative of -s**6/180 + s**5/60 - s**4/12 - 4*s. Let z(p) be the third derivative of x(p). Determine z(2).
-6
Let i(w) = 2*w**2 - 4*w + 4. Let j(k) = k**2 + 7*k + 5. Let a be j(-6). Let d(z) = -4*z**3 + z. Let f be d(a). Calculate i(f).
10
Let j be (1 - -2)/((-6)/4). Let f(m) = 7*m**3 - 7*m**2 - 11*m + 4. Let g(v) = 3*v**3 - 3*v**2 - 5*v + 2. Let q(u) = j*f(u) + 5*g(u). Determine q(2).
0
Let y(v) be the third derivative of v**6/120 + v**5/12 + v**4/24 - v**3/2 - 9*v**2. Give y(-4).
9
Let r(y) = y**3 + 0*y**2 + 0 + 4 + 3*y**2 - 2*y. Suppose a + 5 = -0, -29 = d + 5*a. Calculate r(d).
-4
Let m(o) = o**2 - 6*o + 7. Suppose 0*w = -5*h - 4*w + 21, 2*h - 4*w - 14 = 0. What is m(h)?
2
Let i(y) = 3*y**3 - 25*y**2 + 25*y - 2. Let p(h) = 2*h**3 - 17*h**2 + 17*h - 1. Let m(u) = 5*i(u) - 7*p(u). Let d(o) = -o - 4. Let k be d(-9). Determine m(k).
2
Let r(b) = -8*b - 1 + 30*b**2 - 14*b**2 - 17*b**2. Give r(-7).
6
Let b(c) = -c**2 - 1. Let p(k) = -7*k**2 - 2*k - 3. Let t(n) = 6*b(n) - p(n). Calculate t(-3).
0
Let k(b) = 3*b**2 + 3*b + 4. Suppose 4*c - 3*r = 32, -3*c + 2*r = -0*c - 23. Let a(i) = 4*i**2 + 2*i + 5. Let z(v) = c*k(v) - 4*a(v). Determine z(6).
6
Suppose -2*a + 4 = -a. Let v(q) = -3*q**2 - 2 - a + 4 + 3*q - q**3. Suppose 0 = -2*j + 5*g - g + 4, 3*j = -5*g - 27. Calculate v(j).
2
Let m(g) = -5*g**3 - 2*g**2 + g. Let s be m(1). Suppose -3*x + 0*x = -9. Let o(a) = 1 + 4*a**3 - a**3 + 0*a**3 - 4*a**x - 6*a**2. Determine o(s).
1
Suppose 2*o - 12 = -4*j, 0 = 2*o + 4*j - 2*j - 8. Let x(a) be the second derivative of 0 - a - 1/2*a**o - 1/3*a**3. Give x(-1).
1
Let d(g) = 5*g**3 - g**2 - g + 1. Suppose 2*c + 3*x - 14 = -0*c, 5*c = 3*x - 7. What is d(c)?
4
Let v = 13 - -7. Suppose i - 5*i - 5*w = -6, 4*w = 3*i - v. Let l(f) = f + 3. Give l(i).
7
Let b(i) = 20*i - i**2 + 5 - 3 - 25*i + 2. Calculate b(-6).
-2
Let o(t) = -5*t + 17*t - 6*t. What is o(2)?
12
Let z(g) = -g**2 - g + 4. Let b(x) = 4*x + 1. Let a be b(2). Let s be (-1)/(1 - a/12). Calculate z(s).
-8
Let o(n) = 10*n**2 - 21*n + 20. Let x(u) = -7*u**2 + 14*u - 13. Let t(m) = -5*o(m) - 7*x(m). Suppose 3 = -5*d + 33. Calculate t(d).
-3
Let j(f) = f**2 + f - 5. Let b be j(0). Let p(a) = -4*a**3 + 2*a**2 - a - 2. Let l(k) = 7*k**3 - 4*k**2 + k + 3. Let q(m) = b*p(m) - 3*l(m). Calculate q(2).
5
Suppose 5*v = 3*v - x + 24, 3*v = -4*x + 26. Suppose -2*g - h + 3*h = v, 4*h = -2*g + 4. Let k(p) = -2*p - 3. Give k(g).
5
Let x(m) be the third derivative of -m**5/60 + m**3/3 + 53*m**2. Determine x(2).
-2
Let f(w) = w**2 - w. Let g = 9 + -6. Suppose g*i - 3*c - 9 = 0, 4*i - 4*c - c - 9 = 0. Let y be (-4)/(-3) + (-2)/i. Give f(y).
0
Let h(c) = -c**2 + c - 5. Let a be h(0). Let g(z) = -z**2 - 4*z + 6. Determine g(a).
1
Let t(r) be the first derivative of -r**5/20 + r**4/2 + r**3 + r**2/2 + 4*r - 5. Let f(x) be the first derivative of t(x). Determine f(7).
-6
Let s(l) = -4*l. Suppose -3*o = -0*w - 2*w - 1, -w = -5*o + 4. Let k(v) = -v + 1. Let i(z) = o*k(z) - s(z). Calculate i(-3).
-8
Suppose -5*f + 0 + 25 = 0. Let r(j) = -7*j**3 + 7*j - 12. Let g(b) = -3*b**3 + 3*b - 6. Let d(k) = f*g(k) - 2*r(k). Suppose 0 = -0*w - 8*w. What is d(w)?
-6
Let s be -2 + 1 - 0/7. Let w(t) = 7*t**3 - 2*t**2 - t. Determine w(s).
-8
Let x(i) = 3*i + 5. Suppose 14 = -4*f + 2*t, 4*f = f - t - 13. Calculate x(f).
-7
Let n(x) = x**2 + 6*x - 6. Let z be 58/(-14) + -1 - 3/(-21). Calculate n(z).
-11
Let z = -4 - -6. Suppose 2*r - 5*j - 15 = 0, 0 = -4*r - j - 2*j + 17. Let a(t) = 4 - 1 + t**z - r*t - 2*t**2. Calculate a(-5).
3
Let h(d) = -d**2 - d - 1. Let v(n) = n**2 + 4*n + 3. Let y(a) = 2*h(a) + v(a). What is y(5)?
-14
Let u(v) be the second derivative of v**5/120 + v**4/24 + 2*v**3/3 - 5*v. Let q(d) be the second derivative of u(d). Determine q(6).
7
Let m(q) = -q**2 + 12 - 4*q**2 - q - 8 - 2*q**3 + q**3. Calculate m(-2).
-6
Suppose -10 = -h + 4*x, 14 = -h + 3*x - 5*x. Let u be 3 - 3*h/(-9). Let z(q) = -2*q**3 - 2*q + 1. Give z(u).
-3
Let y(v) = -3*v**2 - 6*v - 1. Let b(n) = -13*n**2 - 25*n - 4. Let s = 1 - 7. Let q be s/(-21) + 32/(-14). Let p(r) = q*b(r) + 9*y(r). Calculate p(-5).
-6
Suppose 0 = -2*n + 4*u - 1 + 15, 3*u = 2*n - 11. Let f = n - 3. Let m(q) = 2*q**2 - 2*q - 3. Calculate m(f).
9
Let r(y) = 4*y - 4. Let s = 14 - 11. Determine r(s).
8
Let m(j) = -j**3 - 5*j**2 - 6*j - 3. Let i(g) = g**2 - 4*g + 2. Let c be i(4). Let w be (-1 + 0)/1 + 11. Suppose 0 = 3*k + w + c. Give m(k).
5
Let s(h) be the first derivative of -h**4/4 - 5*h**3/3 - h**2/2 + 4*h - 42. Determine s(-4).
-8
Suppose m - 5*l - 20 = 0, 4*m = -4*l + 4 + 4. Let n(y) = y**2 - 3*y - 7. Give n(m).
3
Suppose -6 = -12*h + 9*h. L